What is the greatest common factor of 30 and m?
30
Let j = 6958 + -6906. Calculate the greatest common factor of 5083 and j.
13
Let w be (1 - 29)*(-126)/49. Suppose 4*k - 69 = 3. Let d = k - 9. What is the greatest common divisor of w and d?
9
Suppose 2*z = -5 - 5, -3*z = 5*h. Let k be 11 - ((h - 3) + 6) - -85. Calculate the greatest common factor of k and 130.
10
Let i(y) = 62*y + 3097. Let p be i(-32). Calculate the greatest common factor of 336 and p.
21
Suppose 83051 = 30*a - 2749. What is the greatest common factor of a and 176?
44
Suppose -4*w + j + 265 = 0, 27*w = 23*w + 4*j + 292. Let s = 3 - -13. What is the greatest common factor of w and s?
16
Let h = -17393 + 17413. What is the greatest common divisor of h and 164?
4
Let h = 147 + -91. Let k be -18*(h/(-12) - -3). Calculate the greatest common divisor of k and 240.
30
Let d(r) = 3*r**2 - 10. Let y = -170 - -174. Let a be d(y). What is the greatest common factor of a and 2?
2
Suppose -223 = 5*f + 2*y, -f - y - 2*y = 55. Let c = f - -44. Calculate the greatest common divisor of 16 and c.
1
Suppose 3*n - 2932 + 20164 = 9*n. Calculate the greatest common factor of 16 and n.
8
Let h be (-188)/(-8) - (-2)/4. Let n(x) = x**3 + 38*x**2 - 43*x - 130. Let q be n(-39). Let b = h + q. What is the highest common divisor of 5 and b?
5
Let n(u) = 16*u**2 + 49*u - 863. Let q be n(13). Calculate the highest common factor of q and 42.
42
Let l(c) = 68*c**3 - c**2 + 1. Let m be l(1). Let r = -52 + m. What is the highest common factor of 112 and r?
16
Let a = -18293 - -18304. Suppose 0 = -2*x - 3 + 11. Let z be 80 - 1 - x/2. What is the greatest common divisor of a and z?
11
Let d be (-4)/5 + 2516/20. Let r = 214 + -154. Let a = d - r. What is the greatest common divisor of 13 and a?
13
Let q be (0 + -11)*140/(-8)*(-96)/(-30). Calculate the highest common factor of 4664 and q.
88
Let n be ((-15)/(-4))/((-22)/(-1056)). Let m be (-4)/(-16) + (-44)/(-16). Let p be 2*-1 + (-2 + m - -11). What is the highest common divisor of n and p?
10
Suppose -601 - 2233 - 871 = -19*v. Calculate the greatest common factor of v and 39.
39
Let z be 140 + -139 - 269/(-1). Calculate the highest common factor of 225 and z.
45
Let k be (68/(-238))/((-6)/546). Calculate the highest common factor of 35347 and k.
13
Suppose -2*p - 4*g + 5254 = 0, -7921 = 28*p - 31*p + 4*g. What is the highest common divisor of 85 and p?
85
Suppose 12*w = 47 + 73. Suppose j = -j + 2*s + w, 3*s - 3 = 0. Let d be (-39)/j*-10*(-4)/(-10). What is the greatest common factor of 65 and d?
13
Let q be (-21)/(-5) + ((-120)/(-50))/3. Suppose -3335 = -q*t - 0*z - 5*z, 4*t = z + 2683. What is the greatest common factor of t and 10?
10
Let k(b) = 118*b**3 + 29*b**2 - 103*b - 4. Let i be k(4). What is the highest common factor of 76 and i?
76
Let n = -4443 - -5753. Calculate the highest common factor of n and 7074.
262
Suppose -v + 4*v + b + 5 = 0, -4*v = b + 5. Suppose 5*z - z = v. Suppose -6*j - 3*j + 180 = z. Calculate the highest common factor of j and 30.
10
Let d(n) = 11*n**2 - 5*n - 6. Let t be d(-4). Let c(a) = -4*a**2 + 249*a - 191. Let b be c(61). Calculate the greatest common divisor of t and b.
38
Let f be (11 + 1)/(6/4). Let l be (-122)/(-8) - 2/f. Suppose -40 = -5*i - 5*x, -5*i + 2*x = -x - 24. Calculate the greatest common divisor of l and i.
3
Let a(s) = s + 9. Let c be a(0). Suppose c*d = 2*d + 49. Suppose 40*w = 37*w + 42. Calculate the highest common divisor of w and d.
7
Let z be 16/6 + -2 + 14/6. Suppose 2*c + 24 = 5*c - z*a, 32 = 5*c + 3*a. What is the greatest common factor of 7 and c?
7
Let u be 16 + 9/18*30616. Calculate the highest common divisor of u and 36.
12
Suppose 7*l + 7 = 35. Let n(c) = 3*c - 9. Let z be n(l). Let r = 26 - 2. Calculate the highest common divisor of z and r.
3
Let o = 16 - -35. Let n = 5114 + -5111. What is the highest common divisor of o and n?
3
Suppose 0 = -k + 40 + 8. Let x = k - 46. Suppose 2*u + x*a - 14 - 50 = 0, 0 = -2*u - a + 62. Calculate the greatest common divisor of u and 270.
30
Let n(w) = 2*w**2 - 82*w + 90. Let v be n(46). What is the greatest common divisor of 350 and v?
50
Let m = 3627 + -3332. What is the greatest common factor of m and 15?
5
Suppose -144*u = -142*u. Suppose -2*r - 26 = -4*s + 2*s, -s - 2*r + 19 = u. Calculate the greatest common divisor of s and 40.
5
Suppose -4*t + 54 = 3*n, -301*n + 298*n + 3*t + 54 = 0. Suppose k = -5*s + 12, -k = -3*s + 3*k - 2. What is the greatest common factor of s and n?
2
Let m be (-377)/(-52) + -7 + (-10)/8. Let d be (m - 1) + 9 + -2. Calculate the greatest common factor of d and 45.
5
Suppose -2*p + m = -9, -72*p + 71*p + 5*m + 18 = 0. Suppose 2*t - t + 5*y = -5, -y - 17 = -3*t. What is the greatest common factor of t and p?
1
Suppose -5*u - 1405 = -3*i, -13*u + 501 = i - 10*u. Let z(r) = -r**3 + 15*r**2 - 4. Let j be z(14). Calculate the greatest common factor of i and j.
96
Let x(s) = 5*s - 52. Let j be x(15). Suppose v - 45 = -j. Calculate the greatest common factor of 2 and v.
2
Suppose 1314 = 3*z - 2*b, -z - 5*b = -3*b - 446. Let p = -405 + z. What is the greatest common factor of p and 56?
7
Suppose 7*w = -0*w - 21. Let p be 11*((-3 - -7) + w). Let i be p/3 - (-3)/9. Calculate the greatest common divisor of i and 44.
4
Let f be 12/(-42)*(-14)/4 - -5. Suppose -5*r + 83 = l, 18*l = 20*l - f. Calculate the greatest common divisor of r and 256.
16
Suppose 3*q - 4*r = 4236, -21*q = -22*q + 4*r + 1428. Calculate the highest common divisor of 2236 and q.
52
Let q be 12/(-21) - (-33388)/119. Let x = q + 43. Calculate the greatest common divisor of x and 19.
19
Suppose -170 = -2*n - 44*k + 46*k, -3*k + 361 = 4*n. Let l(b) = -33*b - 11. Let h be l(-5). What is the greatest common divisor of n and h?
22
Let d(y) = 18*y**2 + 12*y + 35. Let w be d(-3). Suppose 26*j - w = 3*j. Calculate the greatest common factor of j and 49.
7
Suppose 0 = 3*y - 4*q - 58, 5*y + 5*q = 30 + 55. Let i be 1/((-970)/(-484) - 14/7). Suppose -406 - i = -12*r. What is the greatest common divisor of y and r?
18
Let s(r) = 22*r**3 - 17*r**2 - 37*r + 52. Let i be s(1). Let p be (6/8)/1*-16. Let d be (p + 0)*(-10)/3. What is the highest common divisor of i and d?
20
Let c be -10 - ((-4)/26 - 136654/182). What is the highest common factor of 228 and c?
57
Suppose -45 = -52*x + 1931. What is the greatest common factor of x and 969?
19
Let o be (-15)/(0 + -5)*(4 - -10). Let k = 13 - 12. Let u be 45 - k/((-1)/(-3)). What is the highest common divisor of u and o?
42
Suppose -4*n + 21*o = 17*o - 4244, -3207 = -3*n - 5*o. Calculate the greatest common factor of n and 168.
56
Suppose 156 = 5*t + u - 4*u, t = -2*u + 39. Suppose 294*g = 375431 - 113477. Calculate the highest common factor of g and t.
33
Let s(p) = 46*p + 5958. Let t be s(-123). Calculate the highest common divisor of 2500 and t.
100
Suppose 2*s - 5*l = 23, -40 + 23 = -2*s + 3*l. Let n(h) = 6*h + 12. Let o be n(s). What is the highest common factor of o and 9?
9
Suppose 0 = 12*d - 3033 + 1476 + 1473. Let x be 56/(-3)*(0 - 6). Calculate the highest common factor of x and d.
7
Suppose 36 = 5*r + 5*q - 39, -q = -2*r + 18. Let d be 18/(-72) + 353/4. What is the highest common factor of d and r?
11
Let b(v) = -5*v - 14. Let k be b(-7). Calculate the highest common divisor of k and 2751.
21
Let x(h) = 113 - 4*h - 2*h - 3*h + 5*h. Let p be x(21). What is the highest common factor of 899 and p?
29
Suppose 0 = 5*n, -n - 107 - 375 = -d. Calculate the highest common factor of 1205 and d.
241
Let z = 5721 - 5668. Let p = -159 - -318. Calculate the greatest common factor of p and z.
53
Let t = -11 + 9. Let k = t - -4. Suppose -15 = k*f - 195. Calculate the greatest common factor of f and 36.
18
Suppose j - q = 25, j + q - 5 = 14. Let p(n) = -n**3 + 24*n**2 - 25*n + 52. Let k be p(23). What is the highest common factor of k and j?
2
Suppose 4*i + 10 = d + 31, 2*d = -2*i - 2. Let l be (-5)/((-45)/i) + (-5136)/(-108). Calculate the highest common factor of l and 36.
12
Let a(c) = 8*c**2 - 34 + 2*c + 3*c + 6 - c**3 - 4. Let q be a(8). What is the highest common divisor of 52 and q?
4
Let i(r) = r**2 + 18*r + 17. Let d be i(-22). Let t(z) = 6*z**2 + 182*z + 11. Let j be t(-31). Calculate the greatest common divisor of j and d.
15
Suppose 2*